{"id":928,"date":"2022-08-15T11:29:26","date_gmt":"2022-08-15T11:29:26","guid":{"rendered":"https:\/\/parafialekawica.prohost.pl\/?page_id=928"},"modified":"2026-04-25T18:58:35","modified_gmt":"2026-04-25T18:58:35","slug":"trzemesna-ogloszenia-intencje","status":"publish","type":"page","link":"https:\/\/parafialekawica.prohost.pl\/?page_id=928","title":{"rendered":"Trzemesna &#8211; og\u0142oszenia\/intencje"},"content":{"rendered":"<p style=\"text-align: left;\">Niedziela 26.04.2026 \u2013 godz. 10.00 + Tadeusz Jachym od brata Jana z \u017con\u0105<\/p>\n<p>&nbsp;<\/p>\n<p style=\"text-align: justify;\">\n<strong>4 Niedziela Wielkanocna \u2013 26.04.2026 r. &#8211; Trzemesna<\/strong><\/p>\n<p style=\"text-align: justify;\">1. Prze\u017cywamy dzi\u015b 4 Niedziel\u0119 Wielkanocy &#8211; Niedziel\u0119 Dobrego Pasterza \u2013 tj. \u015awiatowy Dzie\u0144 Modlitw o Powo\u0142ania, rozpoczynaj\u0105c\u0105 tydzie\u0144 modlitw o powo\u0142ania do s\u0142u\u017cby Bo\u017cej w Ko\u015bciele. Pami\u0119tajmy w modlitwach o kap\u0142anach i siostrach zakonnych z naszych parafii. Za tydzie\u0144 w niedziel\u0119 ofiary na tac\u0119 przeznaczone b\u0119d\u0105 na Seminarium Duchowne w Tarnowie.<\/p>\n<p style=\"text-align: justify;\">2. W \u015brod\u0119 &#8211; Msza \u015bw. z Nowenn\u0105 do MB Nieustaj\u0105cej Pomocy o godz. 17.00.<\/p>\n<p style=\"text-align: justify;\">3. W pi\u0105tek rozpoczynaj\u0105 si\u0119 Nabo\u017ce\u0144stwa Majowe. B\u0119d\u0105 one odprawiane przez ca\u0142y maj z kap\u0142anem &#8211; w \u015brody i soboty o godz. 16.30. W niedziele o godz. 9.30, a w pozosta\u0142e dni o godz. 18.00 prowadzone przez Ko\u0142o Gospody\u0144 Wiejskich oraz Rad\u0119 Parafialn\u0105. W \u015brody Maj\u00f3wka po\u0142\u0105czona b\u0119dzie z modlitw\u0105 do MBNP. Zach\u0119camy r\u00f3wnie\u017c, aby \u015bpiewa\u0107 Maj\u00f3wk\u0119 ko\u0142o Figurek Matki Bo\u017cej, czy te\u017c odprawia\u0107 rodzinnie z dzie\u0107mi przy obrazie lub figurze w swoich domach.<\/p>\n<p style=\"text-align: justify;\">4. W tym tygodniu przypada I pi\u0105tek miesi\u0105ca. Spowied\u017a b\u0119dzie o godz. 16.00. R\u00f3wnie\u017c o godz. 16.00 b\u0119dzie Nabo\u017ce\u0144stwo Majowe po\u0142\u0105czone z Nabo\u017ce\u0144stwem pierwszo-pi\u0105tkowym do Serca Jezusowego, a o godz.16.30 Msza \u015bw. W tym dniu wyjazd do chorych od godz. 9.00.<\/p>\n<p style=\"text-align: justify;\">5. W przysz\u0142\u0105 niedziel\u0119 na Mszy \u015aw. pan Piotr Stawicki z organizacji Open Doors podzieli si\u0119 z nami \u015bwiadectwem chrze\u015bcijan cierpi\u0105cych z powodu wyznawanej wiary. Przy wyj\u015bciu z ko\u015bcio\u0142a b\u0119dzie mo\u017cna otrzyma\u0107 bezp\u0142atne materia\u0142y z historiami i intencjami modlitewnymi od prze\u015bladowanych braci i si\u00f3str.<\/p>\n<p style=\"text-align: justify;\">6. Dzi\u0119kujemy rodzinom dbaj\u0105cym w kwietniu o porz\u0105dek w ko\u015bciele. W maju prosimy kolejne wg rozpiski.<\/p>\n<p style=\"text-align: justify;\">7. Dzi\u0119kujemy gor\u0105co za ofiary w ubieg\u0142\u0105 niedziel\u0119 na tac\u0119 w wysoko\u015bci 730 z\u0142. i za dzisiejsze na gaz.<\/p>\n<p style=\"text-align: justify;\">Intencje Mszalne:<br \/>\n\u015aroda 29.04.2026 \u2013 godz. 17.00 + Mariusz Kaczor od Joanny i Adriana Witkowskich z r.<br \/>\nPi\u0105tek 01.05.2026 \u2013 godz. 16.30 + J\u00f3zef Zieli\u0144ski z ok. im. I r. \u015bm.<br \/>\nSobota 02.05.2026 \u2013 godz. 17.00 + Franciszek S\u0119pek od Urszuli Kielian z rodzin\u0105<br \/>\nNiedziela 03.05.2026 \u2013 godz. 10.00 + Tadeusz Jachym od Rady Parafialnej i Parafian z Trzemesnej<\/p>\n<p style=\"text-align: justify;\">\nPi\u0105tek 01.05.2026 r. w \u0141\u0119kawicy na Mszy zbiorowej o godz. 18.00:<\/p>\n<p style=\"text-align: justify;\">\u2022 za + Mariusza Kaczor od Bo\u017ceny i Kazimierza Kurczab<br \/>\n\u2022 za + Tadeusza Jachym od Mateusza i Eweliny Setlak<br \/>\n\u2022 za + Agnieszk\u0119 Klimek od Dominika Chaim<br \/>\n\u2022 za + Kamila Szarad od Ignacego i Ma\u0142gorzaty Szatko<\/p>\n<p style=\"text-align: justify;\">\n<p style=\"text-align: justify;\">\n","protected":false},"excerpt":{"rendered":"<p>Niedziela 26.04.2026 \u2013 godz. 10.00 + Tadeusz Jachym od brata Jana z \u017con\u0105 &nbsp; 4 Niedziela Wielkanocna \u2013 26.04.2026 r. &#8211; Trzemesna 1. Prze\u017cywamy dzi\u015b 4 Niedziel\u0119 Wielkanocy &#8211; Niedziel\u0119 Dobrego Pasterza \u2013 tj. \u015awiatowy Dzie\u0144 Modlitw o Powo\u0142ania, rozpoczynaj\u0105c\u0105 tydzie\u0144 modlitw o powo\u0142ania do s\u0142u\u017cby Bo\u017cej w Ko\u015bciele. Pami\u0119tajmy w modlitwach o kap\u0142anach i [&hellip;]<\/p>\n","protected":false},"author":1,"featured_media":0,"parent":0,"menu_order":0,"comment_status":"closed","ping_status":"closed","template":"","meta":{"footnotes":""},"class_list":["post-928","page","type-page","status-publish","czr-hentry"],"_links":{"self":[{"href":"https:\/\/parafialekawica.prohost.pl\/index.php?rest_route=\/wp\/v2\/pages\/928","targetHints":{"allow":["GET"]}}],"collection":[{"href":"https:\/\/parafialekawica.prohost.pl\/index.php?rest_route=\/wp\/v2\/pages"}],"about":[{"href":"https:\/\/parafialekawica.prohost.pl\/index.php?rest_route=\/wp\/v2\/types\/page"}],"author":[{"embeddable":true,"href":"https:\/\/parafialekawica.prohost.pl\/index.php?rest_route=\/wp\/v2\/users\/1"}],"replies":[{"embeddable":true,"href":"https:\/\/parafialekawica.prohost.pl\/index.php?rest_route=%2Fwp%2Fv2%2Fcomments&post=928"}],"version-history":[{"count":257,"href":"https:\/\/parafialekawica.prohost.pl\/index.php?rest_route=\/wp\/v2\/pages\/928\/revisions"}],"predecessor-version":[{"id":3784,"href":"https:\/\/parafialekawica.prohost.pl\/index.php?rest_route=\/wp\/v2\/pages\/928\/revisions\/3784"}],"wp:attachment":[{"href":"https:\/\/parafialekawica.prohost.pl\/index.php?rest_route=%2Fwp%2Fv2%2Fmedia&parent=928"}],"curies":[{"name":"wp","href":"https:\/\/api.w.org\/{rel}","templated":true}]}}

Trzemesna &#8211; ogłoszenia/intencje

<p style="text-align: left;">Niedziela 26.04.2026 – godz. 10.00 + Tadeusz Jachym od brata Jana z żoną</p>
<p>&nbsp;</p>
<p style="text-align: justify;">
<strong>4 Niedziela Wielkanocna – 26.04.2026 r. &#8211; Trzemesna</strong></p>
<p style="text-align: justify;">1. Przeżywamy dziś 4 Niedzielę Wielkanocy &#8211; Niedzielę Dobrego Pasterza – tj. Światowy Dzień Modlitw o Powołania, rozpoczynającą tydzień modlitw o powołania do służby Bożej w Kościele. Pamiętajmy w modlitwach o kapłanach i siostrach zakonnych z naszych parafii. Za tydzień w niedzielę ofiary na tacę przeznaczone będą na Seminarium Duchowne w Tarnowie.</p>
<p style="text-align: justify;">2. W środę &#8211; Msza św. z Nowenną do MB Nieustającej Pomocy o godz. 17.00.</p>
<p style="text-align: justify;">3. W piątek rozpoczynają się Nabożeństwa Majowe. Będą one odprawiane przez cały maj z kapłanem &#8211; w środy i soboty o godz. 16.30. W niedziele o godz. 9.30, a w pozostałe dni o godz. 18.00 prowadzone przez Koło Gospodyń Wiejskich oraz Radę Parafialną. W środy Majówka połączona będzie z modlitwą do MBNP. Zachęcamy również, aby śpiewać Majówkę koło Figurek Matki Bożej, czy też odprawiać rodzinnie z dziećmi przy obrazie lub figurze w swoich domach.</p>
<p style="text-align: justify;">4. W tym tygodniu przypada I piątek miesiąca. Spowiedź będzie o godz. 16.00. Również o godz. 16.00 będzie Nabożeństwo Majowe połączone z Nabożeństwem pierwszo-piątkowym do Serca Jezusowego, a o godz.16.30 Msza św. W tym dniu wyjazd do chorych od godz. 9.00.</p>
<p style="text-align: justify;">5. W przyszłą niedzielę na Mszy Św. pan Piotr Stawicki z organizacji Open Doors podzieli się z nami świadectwem chrześcijan cierpiących z powodu wyznawanej wiary. Przy wyjściu z kościoła będzie można otrzymać bezpłatne materiały z historiami i intencjami modlitewnymi od prześladowanych braci i sióstr.</p>
<p style="text-align: justify;">6. Dziękujemy rodzinom dbającym w kwietniu o porządek w kościele. W maju prosimy kolejne wg rozpiski.</p>
<p style="text-align: justify;">7. Dziękujemy gorąco za ofiary w ubiegłą niedzielę na tacę w wysokości 730 zł. i za dzisiejsze na gaz.</p>
<p style="text-align: justify;">Intencje Mszalne:<br />
Środa 29.04.2026 – godz. 17.00 + Mariusz Kaczor od Joanny i Adriana Witkowskich z r.<br />
Piątek 01.05.2026 – godz. 16.30 + Józef Zieliński z ok. im. I r. śm.<br />
Sobota 02.05.2026 – godz. 17.00 + Franciszek Sępek od Urszuli Kielian z rodziną<br />
Niedziela 03.05.2026 – godz. 10.00 + Tadeusz Jachym od Rady Parafialnej i Parafian z Trzemesnej</p>
<p style="text-align: justify;">
Piątek 01.05.2026 r. w Łękawicy na Mszy zbiorowej o godz. 18.00:</p>
<p style="text-align: justify;">• za + Mariusza Kaczor od Bożeny i Kazimierza Kurczab<br />
• za + Tadeusza Jachym od Mateusza i Eweliny Setlak<br />
• za + Agnieszkę Klimek od Dominika Chaim<br />
• za + Kamila Szarad od Ignacego i Małgorzaty Szatko</p>
<p style="text-align: justify;">
<p style="text-align: justify;">

<p>Niedziela 26.04.2026 – godz. 10.00 + Tadeusz Jachym od brata Jana z żoną &nbsp; 4 Niedziela Wielkanocna – 26.04.2026 r. &#8211; Trzemesna 1. Przeżywamy dziś 4 Niedzielę Wielkanocy &#8211; Niedzielę Dobrego Pasterza – tj. Światowy Dzień Modlitw o Powołania, rozpoczynającą tydzień modlitw o powołania do służby Bożej w Kościele. Pamiętajmy w modlitwach o kapłanach i [&hellip;]</p>
