{"id":642,"date":"2022-05-11T19:31:18","date_gmt":"2022-05-11T19:31:18","guid":{"rendered":"https:\/\/parafialekawica.prohost.pl\/?page_id=642"},"modified":"2025-09-25T11:22:08","modified_gmt":"2025-09-25T11:22:08","slug":"oltarze","status":"publish","type":"page","link":"https:\/\/parafialekawica.prohost.pl\/?page_id=642","title":{"rendered":"O\u0142tarze\/Relikwie"},"content":{"rendered":"<p style=\"text-align: center;\"><img loading=\"lazy\" decoding=\"async\" class=\"alignnone size-full wp-image-5\" src=\"https:\/\/parafialekawica.prohost.pl\/wp-content\/uploads\/2021\/11\/kosciol_wnetrze.jpg\" alt=\"\" width=\"1747\" height=\"938\" srcset=\"https:\/\/parafialekawica.prohost.pl\/wp-content\/uploads\/2021\/11\/kosciol_wnetrze.jpg 1747w, https:\/\/parafialekawica.prohost.pl\/wp-content\/uploads\/2021\/11\/kosciol_wnetrze-300x161.jpg 300w, https:\/\/parafialekawica.prohost.pl\/wp-content\/uploads\/2021\/11\/kosciol_wnetrze-1024x550.jpg 1024w, https:\/\/parafialekawica.prohost.pl\/wp-content\/uploads\/2021\/11\/kosciol_wnetrze-768x412.jpg 768w, https:\/\/parafialekawica.prohost.pl\/wp-content\/uploads\/2021\/11\/kosciol_wnetrze-1536x825.jpg 1536w\" sizes=\"auto, (max-width: 1747px) 100vw, 1747px\" \/><\/p>\n<p>G\u0142\u00f3wny o\u0142tarz &#8211; w centrum patron Parafii &#8211; <a href=\"https:\/\/parafialekawica.prohost.pl\/?page_id=648\">\u015aw. Miko\u0142aj<\/a>, po lewej stronie<a href=\"https:\/\/brewiarz.pl\/czytelnia\/swieci\/09-18a.php3\"> \u015aw. Stanis\u0142aw Kostka<\/a>, po prawej stronie <a href=\"https:\/\/brewiarz.pl\/czytelnia\/swieci\/09-01a.php3\">b\u0142. Bronis\u0142awa<\/a><\/p>\n<p>O\u0142tarz Serca Pana Jezusa &#8211; od lewej <a href=\"https:\/\/brewiarz.pl\/czytelnia\/swieci\/10-04.php3\">\u015bw. Franciszek<\/a>, od prawej \u00a0<a href=\"https:\/\/www.swanna.pl\/sanktuarium\/sw-anna-babcia-pana-jezusa.html\">\u015aw. Anna<\/a> &#8211; babcia Pana Jezusa<\/p>\n<p>O\u0142tarz Matki Boskiej R\u00f3\u017ca\u0144cowej &#8211; od lewej <a href=\"https:\/\/brewiarz.pl\/czytelnia\/swieci\/08-08a.php3\">\u015bw. Dominik<\/a>, od prawej <a href=\"https:\/\/brewiarz.pl\/czytelnia\/swieci\/09-01a.php3\">b\u0142. Bronis\u0142awa<\/a><\/p>\n<p>O\u0142tarz w Kaplicy &#8211;<a href=\"https:\/\/adonai.pl\/ludzie\/?id=7\"> \u015bw. J\u00f3zef<\/a><\/p>\n<p style=\"text-align: center;\"><img loading=\"lazy\" decoding=\"async\" class=\"alignnone wp-image-644\" src=\"https:\/\/parafialekawica.prohost.pl\/wp-content\/uploads\/2022\/05\/oltarz_jozef.jpg\" alt=\"\" width=\"490\" height=\"710\" srcset=\"https:\/\/parafialekawica.prohost.pl\/wp-content\/uploads\/2022\/05\/oltarz_jozef.jpg 800w, https:\/\/parafialekawica.prohost.pl\/wp-content\/uploads\/2022\/05\/oltarz_jozef-207x300.jpg 207w, https:\/\/parafialekawica.prohost.pl\/wp-content\/uploads\/2022\/05\/oltarz_jozef-707x1024.jpg 707w, https:\/\/parafialekawica.prohost.pl\/wp-content\/uploads\/2022\/05\/oltarz_jozef-768x1113.jpg 768w\" sizes=\"auto, (max-width: 490px) 100vw, 490px\" \/><\/p>\n<p>&nbsp;<\/p>\n<p>Od dnia 9 kwietnia 2025 r. w tut. ko\u015bciele znajduj\u0105 si\u0119 relikwie b\u0142. Rodziny Ulm\u00f3w &#8211; 24 dnia ka\u017cdego miesi\u0105ca modlimy si\u0119 za nasze rodziny za wstawiennictwem b\u0142. Rodziny Ulm\u00f3w<\/p>\n<p style=\"text-align: center;\"><img loading=\"lazy\" decoding=\"async\" class=\"alignnone size-full wp-image-2949\" src=\"https:\/\/parafialekawica.prohost.pl\/wp-content\/uploads\/2025\/04\/489828402_981985410710841_970867303989004119_n.jpg\" alt=\"\" width=\"1542\" height=\"2048\" srcset=\"https:\/\/parafialekawica.prohost.pl\/wp-content\/uploads\/2025\/04\/489828402_981985410710841_970867303989004119_n.jpg 1542w, https:\/\/parafialekawica.prohost.pl\/wp-content\/uploads\/2025\/04\/489828402_981985410710841_970867303989004119_n-226x300.jpg 226w, https:\/\/parafialekawica.prohost.pl\/wp-content\/uploads\/2025\/04\/489828402_981985410710841_970867303989004119_n-771x1024.jpg 771w, https:\/\/parafialekawica.prohost.pl\/wp-content\/uploads\/2025\/04\/489828402_981985410710841_970867303989004119_n-768x1020.jpg 768w, https:\/\/parafialekawica.prohost.pl\/wp-content\/uploads\/2025\/04\/489828402_981985410710841_970867303989004119_n-1157x1536.jpg 1157w\" sizes=\"auto, (max-width: 1542px) 100vw, 1542px\" \/> <img loading=\"lazy\" decoding=\"async\" class=\"alignnone size-full wp-image-2948\" src=\"https:\/\/parafialekawica.prohost.pl\/wp-content\/uploads\/2025\/04\/489460755_981986490710733_8466658772542941822_n.jpg\" alt=\"\" width=\"1542\" height=\"2048\" srcset=\"https:\/\/parafialekawica.prohost.pl\/wp-content\/uploads\/2025\/04\/489460755_981986490710733_8466658772542941822_n.jpg 1542w, https:\/\/parafialekawica.prohost.pl\/wp-content\/uploads\/2025\/04\/489460755_981986490710733_8466658772542941822_n-226x300.jpg 226w, https:\/\/parafialekawica.prohost.pl\/wp-content\/uploads\/2025\/04\/489460755_981986490710733_8466658772542941822_n-771x1024.jpg 771w, https:\/\/parafialekawica.prohost.pl\/wp-content\/uploads\/2025\/04\/489460755_981986490710733_8466658772542941822_n-768x1020.jpg 768w, https:\/\/parafialekawica.prohost.pl\/wp-content\/uploads\/2025\/04\/489460755_981986490710733_8466658772542941822_n-1157x1536.jpg 1157w\" sizes=\"auto, (max-width: 1542px) 100vw, 1542px\" \/><\/p>\n","protected":false},"excerpt":{"rendered":"<p>G\u0142\u00f3wny o\u0142tarz &#8211; w centrum patron Parafii &#8211; \u015aw. Miko\u0142aj, po lewej stronie \u015aw. Stanis\u0142aw Kostka, po prawej stronie b\u0142. Bronis\u0142awa O\u0142tarz Serca Pana Jezusa &#8211; od lewej \u015bw. Franciszek, od prawej \u00a0\u015aw. Anna &#8211; babcia Pana Jezusa O\u0142tarz Matki Boskiej R\u00f3\u017ca\u0144cowej &#8211; od lewej \u015bw. Dominik, od prawej b\u0142. Bronis\u0142awa O\u0142tarz w Kaplicy &#8211; [&hellip;]<\/p>\n","protected":false},"author":1,"featured_media":0,"parent":0,"menu_order":0,"comment_status":"closed","ping_status":"closed","template":"","meta":{"footnotes":""},"class_list":["post-642","page","type-page","status-publish","czr-hentry"],"_links":{"self":[{"href":"https:\/\/parafialekawica.prohost.pl\/index.php?rest_route=\/wp\/v2\/pages\/642","targetHints":{"allow":["GET"]}}],"collection":[{"href":"https:\/\/parafialekawica.prohost.pl\/index.php?rest_route=\/wp\/v2\/pages"}],"about":[{"href":"https:\/\/parafialekawica.prohost.pl\/index.php?rest_route=\/wp\/v2\/types\/page"}],"author":[{"embeddable":true,"href":"https:\/\/parafialekawica.prohost.pl\/index.php?rest_route=\/wp\/v2\/users\/1"}],"replies":[{"embeddable":true,"href":"https:\/\/parafialekawica.prohost.pl\/index.php?rest_route=%2Fwp%2Fv2%2Fcomments&post=642"}],"version-history":[{"count":6,"href":"https:\/\/parafialekawica.prohost.pl\/index.php?rest_route=\/wp\/v2\/pages\/642\/revisions"}],"predecessor-version":[{"id":3294,"href":"https:\/\/parafialekawica.prohost.pl\/index.php?rest_route=\/wp\/v2\/pages\/642\/revisions\/3294"}],"wp:attachment":[{"href":"https:\/\/parafialekawica.prohost.pl\/index.php?rest_route=%2Fwp%2Fv2%2Fmedia&parent=642"}],"curies":[{"name":"wp","href":"https:\/\/api.w.org\/{rel}","templated":true}]}}

Ołtarze/Relikwie

<p style="text-align: center;"><img loading="lazy" decoding="async" class="alignnone size-full wp-image-5" src="https://parafialekawica.prohost.pl/wp-content/uploads/2021/11/kosciol_wnetrze.jpg" alt="" width="1747" height="938" srcset="https://parafialekawica.prohost.pl/wp-content/uploads/2021/11/kosciol_wnetrze.jpg 1747w, https://parafialekawica.prohost.pl/wp-content/uploads/2021/11/kosciol_wnetrze-300x161.jpg 300w, https://parafialekawica.prohost.pl/wp-content/uploads/2021/11/kosciol_wnetrze-1024x550.jpg 1024w, https://parafialekawica.prohost.pl/wp-content/uploads/2021/11/kosciol_wnetrze-768x412.jpg 768w, https://parafialekawica.prohost.pl/wp-content/uploads/2021/11/kosciol_wnetrze-1536x825.jpg 1536w" sizes="auto, (max-width: 1747px) 100vw, 1747px" /></p>
<p>Główny ołtarz &#8211; w centrum patron Parafii &#8211; <a href="https://parafialekawica.prohost.pl/?page_id=648">Św. Mikołaj</a>, po lewej stronie<a href="https://brewiarz.pl/czytelnia/swieci/09-18a.php3"> Św. Stanisław Kostka</a>, po prawej stronie <a href="https://brewiarz.pl/czytelnia/swieci/09-01a.php3">bł. Bronisława</a></p>
<p>Ołtarz Serca Pana Jezusa &#8211; od lewej <a href="https://brewiarz.pl/czytelnia/swieci/10-04.php3">św. Franciszek</a>, od prawej  <a href="https://www.swanna.pl/sanktuarium/sw-anna-babcia-pana-jezusa.html">Św. Anna</a> &#8211; babcia Pana Jezusa</p>
<p>Ołtarz Matki Boskiej Różańcowej &#8211; od lewej <a href="https://brewiarz.pl/czytelnia/swieci/08-08a.php3">św. Dominik</a>, od prawej <a href="https://brewiarz.pl/czytelnia/swieci/09-01a.php3">bł. Bronisława</a></p>
<p>Ołtarz w Kaplicy &#8211;<a href="https://adonai.pl/ludzie/?id=7"> św. Józef</a></p>
<p style="text-align: center;"><img loading="lazy" decoding="async" class="alignnone wp-image-644" src="https://parafialekawica.prohost.pl/wp-content/uploads/2022/05/oltarz_jozef.jpg" alt="" width="490" height="710" srcset="https://parafialekawica.prohost.pl/wp-content/uploads/2022/05/oltarz_jozef.jpg 800w, https://parafialekawica.prohost.pl/wp-content/uploads/2022/05/oltarz_jozef-207x300.jpg 207w, https://parafialekawica.prohost.pl/wp-content/uploads/2022/05/oltarz_jozef-707x1024.jpg 707w, https://parafialekawica.prohost.pl/wp-content/uploads/2022/05/oltarz_jozef-768x1113.jpg 768w" sizes="auto, (max-width: 490px) 100vw, 490px" /></p>
<p>&nbsp;</p>
<p>Od dnia 9 kwietnia 2025 r. w tut. kościele znajdują się relikwie bł. Rodziny Ulmów &#8211; 24 dnia każdego miesiąca modlimy się za nasze rodziny za wstawiennictwem bł. Rodziny Ulmów</p>
<p style="text-align: center;"><img loading="lazy" decoding="async" class="alignnone size-full wp-image-2949" src="https://parafialekawica.prohost.pl/wp-content/uploads/2025/04/489828402_981985410710841_970867303989004119_n.jpg" alt="" width="1542" height="2048" srcset="https://parafialekawica.prohost.pl/wp-content/uploads/2025/04/489828402_981985410710841_970867303989004119_n.jpg 1542w, https://parafialekawica.prohost.pl/wp-content/uploads/2025/04/489828402_981985410710841_970867303989004119_n-226x300.jpg 226w, https://parafialekawica.prohost.pl/wp-content/uploads/2025/04/489828402_981985410710841_970867303989004119_n-771x1024.jpg 771w, https://parafialekawica.prohost.pl/wp-content/uploads/2025/04/489828402_981985410710841_970867303989004119_n-768x1020.jpg 768w, https://parafialekawica.prohost.pl/wp-content/uploads/2025/04/489828402_981985410710841_970867303989004119_n-1157x1536.jpg 1157w" sizes="auto, (max-width: 1542px) 100vw, 1542px" /> <img loading="lazy" decoding="async" class="alignnone size-full wp-image-2948" src="https://parafialekawica.prohost.pl/wp-content/uploads/2025/04/489460755_981986490710733_8466658772542941822_n.jpg" alt="" width="1542" height="2048" srcset="https://parafialekawica.prohost.pl/wp-content/uploads/2025/04/489460755_981986490710733_8466658772542941822_n.jpg 1542w, https://parafialekawica.prohost.pl/wp-content/uploads/2025/04/489460755_981986490710733_8466658772542941822_n-226x300.jpg 226w, https://parafialekawica.prohost.pl/wp-content/uploads/2025/04/489460755_981986490710733_8466658772542941822_n-771x1024.jpg 771w, https://parafialekawica.prohost.pl/wp-content/uploads/2025/04/489460755_981986490710733_8466658772542941822_n-768x1020.jpg 768w, https://parafialekawica.prohost.pl/wp-content/uploads/2025/04/489460755_981986490710733_8466658772542941822_n-1157x1536.jpg 1157w" sizes="auto, (max-width: 1542px) 100vw, 1542px" /></p>

<p>Główny ołtarz &#8211; w centrum patron Parafii &#8211; Św. Mikołaj, po lewej stronie Św. Stanisław Kostka, po prawej stronie bł. Bronisława Ołtarz Serca Pana Jezusa &#8211; od lewej św. Franciszek, od prawej  Św. Anna &#8211; babcia Pana Jezusa Ołtarz Matki Boskiej Różańcowej &#8211; od lewej św. Dominik, od prawej bł. Bronisława Ołtarz w Kaplicy &#8211; [&hellip;]</p>
