{"id":3286,"date":"2025-09-25T05:46:14","date_gmt":"2025-09-25T05:46:14","guid":{"rendered":"https:\/\/parafialekawica.prohost.pl\/?page_id=3286"},"modified":"2025-09-25T05:53:26","modified_gmt":"2025-09-25T05:53:26","slug":"biblioteka-parafialna","status":"publish","type":"page","link":"https:\/\/parafialekawica.prohost.pl\/?page_id=3286","title":{"rendered":"Biblioteka parafialna"},"content":{"rendered":"<p style=\"text-align: justify;\">Zapraszamy do korzystania w \u015brody w godz. 16.00-18.00 z ciekawych pozycji w naszej Bibliotece Parafialnej i Czytelni Parafialnej, kt\u00f3ra mie\u015bci si\u0119 w budynku katechetycznym na pi\u0119trze. Mo\u017cna r\u00f3wnie\u017c na miejscu skorzysta\u0107 z czasopism o tematyce religijnej. Serdecznie zapraszamy doros\u0142ych, m\u0142odzie\u017c i dzieci. Dla najm\u0142odszych przygotowany jest k\u0105cik zabaw. Dzi\u0119kujemy P. Klaudii za prowadzenie Biblioteki.<\/p>\n<p style=\"text-align: center;\"><img loading=\"lazy\" decoding=\"async\" class=\"alignnone size-full wp-image-3287\" src=\"https:\/\/parafialekawica.prohost.pl\/wp-content\/uploads\/2025\/09\/553952009_1108204471422267_7552940373458574798_n.jpg\" alt=\"\" width=\"2048\" height=\"1542\" srcset=\"https:\/\/parafialekawica.prohost.pl\/wp-content\/uploads\/2025\/09\/553952009_1108204471422267_7552940373458574798_n.jpg 2048w, https:\/\/parafialekawica.prohost.pl\/wp-content\/uploads\/2025\/09\/553952009_1108204471422267_7552940373458574798_n-300x226.jpg 300w, https:\/\/parafialekawica.prohost.pl\/wp-content\/uploads\/2025\/09\/553952009_1108204471422267_7552940373458574798_n-1024x771.jpg 1024w, https:\/\/parafialekawica.prohost.pl\/wp-content\/uploads\/2025\/09\/553952009_1108204471422267_7552940373458574798_n-768x578.jpg 768w, https:\/\/parafialekawica.prohost.pl\/wp-content\/uploads\/2025\/09\/553952009_1108204471422267_7552940373458574798_n-1536x1157.jpg 1536w\" sizes=\"auto, (max-width: 2048px) 100vw, 2048px\" \/> <img loading=\"lazy\" decoding=\"async\" class=\"alignnone size-full wp-image-3288\" src=\"https:\/\/parafialekawica.prohost.pl\/wp-content\/uploads\/2025\/09\/554141337_1108204341422280_2906982086372109532_n.jpg\" alt=\"\" width=\"2048\" height=\"1542\" srcset=\"https:\/\/parafialekawica.prohost.pl\/wp-content\/uploads\/2025\/09\/554141337_1108204341422280_2906982086372109532_n.jpg 2048w, https:\/\/parafialekawica.prohost.pl\/wp-content\/uploads\/2025\/09\/554141337_1108204341422280_2906982086372109532_n-300x226.jpg 300w, https:\/\/parafialekawica.prohost.pl\/wp-content\/uploads\/2025\/09\/554141337_1108204341422280_2906982086372109532_n-1024x771.jpg 1024w, https:\/\/parafialekawica.prohost.pl\/wp-content\/uploads\/2025\/09\/554141337_1108204341422280_2906982086372109532_n-768x578.jpg 768w, https:\/\/parafialekawica.prohost.pl\/wp-content\/uploads\/2025\/09\/554141337_1108204341422280_2906982086372109532_n-1536x1157.jpg 1536w\" sizes=\"auto, (max-width: 2048px) 100vw, 2048px\" \/><\/p>\n","protected":false},"excerpt":{"rendered":"<p>Zapraszamy do korzystania w \u015brody w godz. 16.00-18.00 z ciekawych pozycji w naszej Bibliotece Parafialnej i Czytelni Parafialnej, kt\u00f3ra mie\u015bci si\u0119 w budynku katechetycznym na pi\u0119trze. Mo\u017cna r\u00f3wnie\u017c na miejscu skorzysta\u0107 z czasopism o tematyce religijnej. Serdecznie zapraszamy doros\u0142ych, m\u0142odzie\u017c i dzieci. Dla najm\u0142odszych przygotowany jest k\u0105cik zabaw. Dzi\u0119kujemy P. Klaudii za prowadzenie Biblioteki.<\/p>\n","protected":false},"author":1,"featured_media":0,"parent":0,"menu_order":0,"comment_status":"closed","ping_status":"closed","template":"","meta":{"footnotes":""},"class_list":["post-3286","page","type-page","status-publish","czr-hentry"],"_links":{"self":[{"href":"https:\/\/parafialekawica.prohost.pl\/index.php?rest_route=\/wp\/v2\/pages\/3286","targetHints":{"allow":["GET"]}}],"collection":[{"href":"https:\/\/parafialekawica.prohost.pl\/index.php?rest_route=\/wp\/v2\/pages"}],"about":[{"href":"https:\/\/parafialekawica.prohost.pl\/index.php?rest_route=\/wp\/v2\/types\/page"}],"author":[{"embeddable":true,"href":"https:\/\/parafialekawica.prohost.pl\/index.php?rest_route=\/wp\/v2\/users\/1"}],"replies":[{"embeddable":true,"href":"https:\/\/parafialekawica.prohost.pl\/index.php?rest_route=%2Fwp%2Fv2%2Fcomments&post=3286"}],"version-history":[{"count":3,"href":"https:\/\/parafialekawica.prohost.pl\/index.php?rest_route=\/wp\/v2\/pages\/3286\/revisions"}],"predecessor-version":[{"id":3292,"href":"https:\/\/parafialekawica.prohost.pl\/index.php?rest_route=\/wp\/v2\/pages\/3286\/revisions\/3292"}],"wp:attachment":[{"href":"https:\/\/parafialekawica.prohost.pl\/index.php?rest_route=%2Fwp%2Fv2%2Fmedia&parent=3286"}],"curies":[{"name":"wp","href":"https:\/\/api.w.org\/{rel}","templated":true}]}}

<p style="text-align: justify;">Zapraszamy do korzystania w środy w godz. 16.00-18.00 z ciekawych pozycji w naszej Bibliotece Parafialnej i Czytelni Parafialnej, która mieści się w budynku katechetycznym na piętrze. Można również na miejscu skorzystać z czasopism o tematyce religijnej. Serdecznie zapraszamy dorosłych, młodzież i dzieci. Dla najmłodszych przygotowany jest kącik zabaw. Dziękujemy P. Klaudii za prowadzenie Biblioteki.</p>
<p style="text-align: center;"><img loading="lazy" decoding="async" class="alignnone size-full wp-image-3287" src="https://parafialekawica.prohost.pl/wp-content/uploads/2025/09/553952009_1108204471422267_7552940373458574798_n.jpg" alt="" width="2048" height="1542" srcset="https://parafialekawica.prohost.pl/wp-content/uploads/2025/09/553952009_1108204471422267_7552940373458574798_n.jpg 2048w, https://parafialekawica.prohost.pl/wp-content/uploads/2025/09/553952009_1108204471422267_7552940373458574798_n-300x226.jpg 300w, https://parafialekawica.prohost.pl/wp-content/uploads/2025/09/553952009_1108204471422267_7552940373458574798_n-1024x771.jpg 1024w, https://parafialekawica.prohost.pl/wp-content/uploads/2025/09/553952009_1108204471422267_7552940373458574798_n-768x578.jpg 768w, https://parafialekawica.prohost.pl/wp-content/uploads/2025/09/553952009_1108204471422267_7552940373458574798_n-1536x1157.jpg 1536w" sizes="auto, (max-width: 2048px) 100vw, 2048px" /> <img loading="lazy" decoding="async" class="alignnone size-full wp-image-3288" src="https://parafialekawica.prohost.pl/wp-content/uploads/2025/09/554141337_1108204341422280_2906982086372109532_n.jpg" alt="" width="2048" height="1542" srcset="https://parafialekawica.prohost.pl/wp-content/uploads/2025/09/554141337_1108204341422280_2906982086372109532_n.jpg 2048w, https://parafialekawica.prohost.pl/wp-content/uploads/2025/09/554141337_1108204341422280_2906982086372109532_n-300x226.jpg 300w, https://parafialekawica.prohost.pl/wp-content/uploads/2025/09/554141337_1108204341422280_2906982086372109532_n-1024x771.jpg 1024w, https://parafialekawica.prohost.pl/wp-content/uploads/2025/09/554141337_1108204341422280_2906982086372109532_n-768x578.jpg 768w, https://parafialekawica.prohost.pl/wp-content/uploads/2025/09/554141337_1108204341422280_2906982086372109532_n-1536x1157.jpg 1536w" sizes="auto, (max-width: 2048px) 100vw, 2048px" /></p>

<p>Zapraszamy do korzystania w środy w godz. 16.00-18.00 z ciekawych pozycji w naszej Bibliotece Parafialnej i Czytelni Parafialnej, która mieści się w budynku katechetycznym na piętrze. Można również na miejscu skorzystać z czasopism o tematyce religijnej. Serdecznie zapraszamy dorosłych, młodzież i dzieci. Dla najmłodszych przygotowany jest kącik zabaw. Dziękujemy P. Klaudii za prowadzenie Biblioteki.</p>
