{"id":29,"date":"2021-11-04T14:33:22","date_gmt":"2021-11-04T14:33:22","guid":{"rendered":"http:\/\/parafialekawica.ugtarnow.pro-linuxpl.com\/?page_id=29"},"modified":"2021-11-04T14:33:22","modified_gmt":"2021-11-04T14:33:22","slug":"malzenstwo","status":"publish","type":"page","link":"https:\/\/parafialekawica.prohost.pl\/?page_id=29","title":{"rendered":"Ma\u0142\u017ce\u0144stwo"},"content":{"rendered":"<p style=\"text-align: center;\">\n<p style=\"text-align: center;\"><img loading=\"lazy\" decoding=\"async\" class=\"alignnone size-full wp-image-30\" src=\"http:\/\/parafialekawica.ugtarnow.pro-linuxpl.com\/wp-content\/uploads\/2021\/11\/malzenstwo.jpg\" alt=\"\" width=\"960\" height=\"640\" srcset=\"https:\/\/parafialekawica.prohost.pl\/wp-content\/uploads\/2021\/11\/malzenstwo.jpg 960w, https:\/\/parafialekawica.prohost.pl\/wp-content\/uploads\/2021\/11\/malzenstwo-300x200.jpg 300w, https:\/\/parafialekawica.prohost.pl\/wp-content\/uploads\/2021\/11\/malzenstwo-768x512.jpg 768w\" sizes=\"auto, (max-width: 960px) 100vw, 960px\" \/><\/p>\n<p style=\"text-align: justify;\"><em>\u201eG\u0142\u0119boka wsp\u00f3lnota \u017cycia i mi\u0142o\u015bci ma\u0142\u017ce\u0144skiej, ustanowiona przez Stw\u00f3rc\u0119 i unormowana Jego prawami, zawi\u0105zuje si\u0119 przez przymierze ma\u0142\u017ce\u0144skie&#8230; Sam bowiem B\u00f3g jest tw\u00f3rc\u0105 ma\u0142\u017ce\u0144stwa. Powo\u0142anie do ma\u0142\u017ce\u0144stwa jest wpisane w sam\u0105 natur\u0119 m\u0119\u017cczyzny i kobiety, kt\u00f3rzy wyszli z r\u0119ki Stw\u00f3rcy. Ma\u0142\u017ce\u0144stwo nie jest instytucj\u0105 czysto ludzk\u0105, chocia\u017c w ci\u0105gu wiek\u00f3w mog\u0142o ulega\u0107 licznym zmianom w r\u00f3\u017cnych kulturach, strukturach spo\u0142ecznych i postawach duchowych. Ta r\u00f3\u017cnorodno\u015b\u0107 nie powinna prowadzi\u0107 do zapomnienia o jego wsp\u00f3lnych i trwa\u0142ych cechach. Chocia\u017c godno\u015b\u0107 tej instytucji nie wsz\u0119dzie ukazuje si\u0119 z tak\u0105 sam\u0105 jasno\u015bci\u0105, to jednak we wszystkich kulturach istnieje pewne zrozumienie dla znaczenia zwi\u0105zku ma\u0142\u017ce\u0144skiego. Szcz\u0119\u015bcie osoby i spo\u0142eczno\u015bci ludzkiej oraz chrze\u015bcija\u0144skiej wi\u0105\u017ce si\u0119 \u015bci\u015ble z pomy\u015bln\u0105 sytuacj\u0105 wsp\u00f3lnoty ma\u0142\u017ce\u0144skiej i rodzinnej\u201d.<\/em><\/p>\n<p style=\"text-align: right;\"><em>KKK 160<\/em><\/p>\n<p>&nbsp;<\/p>\n<p style=\"text-align: justify;\">Narzeczeni musz\u0105 wcze\u015bniej uko\u0144czy\u0107 katechizacj\u0119 przedma\u0142\u017ce\u0144sk\u0105.<\/p>\n<p style=\"text-align: justify;\">Do kancelarii na rozmowy przygotowuj\u0105ce bezpo\u015brednio do zawarcia Sakramentu Ma\u0142\u017ce\u0144stwa zg\u0142aszamy si\u0119 na 3 miesi\u0105ce przed planowanym terminem \u015blubu w godzinach pracy kancelarii parafialnej lub po uprzednim um\u00f3wieniu si\u0119. Jest to wystarczaj\u0105cy czas na za\u0142atwienie formalno\u015bci przedma\u0142\u017ce\u0144skich, m. in. wyg\u0142oszenie zapowiedzi, udzia\u0142 w dniu skupienia dla narzeczonych i w poradnii \u017cycia rodzinnego, oraz drugie spotkanie w kancelarii.<\/p>\n<p style=\"text-align: justify;\">Narzeczeni zg\u0142aszaj\u0105 si\u0119 tak\u017ce do USC (nie wcze\u015bniej ni\u017c 3 miesi\u0105ce przed \u015blubem), aby otrzyma\u0107 odpowiednie dokumenty do zawarcia \u015blubu konkordatowego, albowiem \u015blub ko\u015bcielny jest tak\u017ce zanotowany w USC i dopiero wtedy poci\u0105ga za sob\u0105 skutki cywilno \u2013 prawne.<\/p>\n<p style=\"text-align: justify;\">Narzeczeni, dwukrotnie przyst\u0119puj\u0105 do Spowiedzi \u015bw. Pierwsza z tych spowiedzi powinna by\u0107 spowiedzi\u0105 generaln\u0105 z ca\u0142ego \u017cycia wkr\u00f3tce po wizycie w kancelarii. Drug\u0105 spowied\u017a najlepiej odprawi\u0107 na kilka dni przed planowanym \u015blubem.<\/p>\n<p style=\"text-align: justify;\">Ma\u0142\u017conkom, kt\u00f3rzy urz\u0105dzaj\u0105 wesele bez alkoholu ks. Biskup udziela specjalnego b\u0142ogos\u0142awie\u0144stwa.<\/p>\n<p style=\"text-align: justify;\">Pami\u0119tajmy o rocznicach \u015blubu. Starajmy si\u0119 je prze\u017cy\u0107 w spos\u00f3b religijny (Spowied\u017a, Msza \u015bw. i Komunia \u015bw.)<\/p>\n<p style=\"text-align: justify;\">\n<p style=\"text-align: justify;\">Do kancelarii parafialnej na rozmowy przedma\u0142\u017ce\u0144skie nale\u017cy przynie\u015b\u0107:<\/p>\n<p style=\"text-align: justify;\">\u200b<\/p>\n<p style=\"text-align: justify;\">I. Pierwsze Spotkanie w Kancelarii Parafialnej &#8211; Trzy miesi\u0105ce przed planowan\u0105 dat\u0105 \u015blubu:<\/p>\n<p style=\"text-align: justify;\">\u200b<\/p>\n<p style=\"text-align: justify;\">Wymagane dokumenty i informacje:<\/p>\n<p style=\"text-align: justify;\">Pozwolenie Ks. Proboszcza (narzeczonej lub narzeczonego), je\u017celi narzeczeni s\u0105 spoza parafii.<\/p>\n<p style=\"text-align: justify;\">Dowody osobiste.<\/p>\n<p style=\"text-align: justify;\">\u015awiadectwa chrztu i bierzmowania (je\u015bli kto\u015b by\u0142 chrzczony poza parafi\u0105, w kt\u00f3rej jest przygotowanie do ma\u0142\u017ce\u0144stwa).<\/p>\n<p style=\"text-align: justify;\">Rok I Komunii \u015aw.<\/p>\n<p style=\"text-align: justify;\">\u015awiadectwo z ostatniej klasy szko\u0142y podstawowej (lub gimnazjum), szko\u0142y \u015bredniej.<\/p>\n<p style=\"text-align: justify;\">\u015awiadectwa uko\u0144czenia Katechizacji przedma\u0142\u017ce\u0144skiej (tzw. Kursu przedma\u0142\u017ce\u0144skiego).<\/p>\n<p style=\"text-align: justify;\">W przypadku wdowy\/wdowca &#8211; Akt Zgonu wsp\u00f3\u0142ma\u0142\u017conka.<\/p>\n<p style=\"text-align: justify;\">\n<p style=\"text-align: justify;\">II. Drugie Spotkanie w Kancelarii Parafialnej &#8211; Nie p\u00f3\u017aniej ni\u017c dwa tygodnie przed dat\u0105 \u015blubu:<\/p>\n<p style=\"text-align: justify;\">\u200b<\/p>\n<p style=\"text-align: justify;\">Wymagane dokumenty i informacje:<\/p>\n<p style=\"text-align: justify;\">Za\u015bwiadczenie o wyg\u0142oszonych zapowiedziach.<\/p>\n<p style=\"text-align: justify;\">Za\u015bwiadczenie o spotkaniu w Poradni Rodzinnej.<\/p>\n<p style=\"text-align: justify;\">Za\u015bwiadczenie o uczestnictwie w Dniu Skupienia.<\/p>\n<p style=\"text-align: justify;\">Za\u015bwiadczenia z USC (3 egzemplarze) \u2013 w przypadku ma\u0142\u017ce\u0144stw konkordatowych.<\/p>\n<p style=\"text-align: justify;\">Nazwiska \u015bwiadk\u00f3w i dok\u0142adne adresy.<\/p>\n<p style=\"text-align: justify;\">Kartki od Spowiedzi \u2013 przynosimy w dniu \u015blubu.<\/p>\n<p style=\"text-align: justify;\">\n<p style=\"text-align: justify;\">Zgodnie ze wskazaniami Wydzia\u0142u Duszpasterstwa Ma\u0142\u017ce\u0144stw nie akceptuje si\u0119 Katechizacji przedma\u0142\u017ce\u015bkiej (kursu przedma\u0142\u017ce\u0144skiego) przeprowadzanego on line.<\/p>\n<p style=\"text-align: justify;\">\u200b<\/p>\n<p>\u200b<\/p>\n<p>&nbsp;<\/p>\n","protected":false},"excerpt":{"rendered":"<p>\u201eG\u0142\u0119boka wsp\u00f3lnota \u017cycia i mi\u0142o\u015bci ma\u0142\u017ce\u0144skiej, ustanowiona przez Stw\u00f3rc\u0119 i unormowana Jego prawami, zawi\u0105zuje si\u0119 przez przymierze ma\u0142\u017ce\u0144skie&#8230; Sam bowiem B\u00f3g jest tw\u00f3rc\u0105 ma\u0142\u017ce\u0144stwa. Powo\u0142anie do ma\u0142\u017ce\u0144stwa jest wpisane w sam\u0105 natur\u0119 m\u0119\u017cczyzny i kobiety, kt\u00f3rzy wyszli z r\u0119ki Stw\u00f3rcy. Ma\u0142\u017ce\u0144stwo nie jest instytucj\u0105 czysto ludzk\u0105, chocia\u017c w ci\u0105gu wiek\u00f3w mog\u0142o ulega\u0107 licznym zmianom w [&hellip;]<\/p>\n","protected":false},"author":1,"featured_media":0,"parent":0,"menu_order":0,"comment_status":"closed","ping_status":"closed","template":"","meta":{"footnotes":""},"class_list":["post-29","page","type-page","status-publish","czr-hentry"],"_links":{"self":[{"href":"https:\/\/parafialekawica.prohost.pl\/index.php?rest_route=\/wp\/v2\/pages\/29","targetHints":{"allow":["GET"]}}],"collection":[{"href":"https:\/\/parafialekawica.prohost.pl\/index.php?rest_route=\/wp\/v2\/pages"}],"about":[{"href":"https:\/\/parafialekawica.prohost.pl\/index.php?rest_route=\/wp\/v2\/types\/page"}],"author":[{"embeddable":true,"href":"https:\/\/parafialekawica.prohost.pl\/index.php?rest_route=\/wp\/v2\/users\/1"}],"replies":[{"embeddable":true,"href":"https:\/\/parafialekawica.prohost.pl\/index.php?rest_route=%2Fwp%2Fv2%2Fcomments&post=29"}],"version-history":[{"count":1,"href":"https:\/\/parafialekawica.prohost.pl\/index.php?rest_route=\/wp\/v2\/pages\/29\/revisions"}],"predecessor-version":[{"id":31,"href":"https:\/\/parafialekawica.prohost.pl\/index.php?rest_route=\/wp\/v2\/pages\/29\/revisions\/31"}],"wp:attachment":[{"href":"https:\/\/parafialekawica.prohost.pl\/index.php?rest_route=%2Fwp%2Fv2%2Fmedia&parent=29"}],"curies":[{"name":"wp","href":"https:\/\/api.w.org\/{rel}","templated":true}]}}

Małżeństwo

<p style="text-align: center;">
<p style="text-align: center;"><img loading="lazy" decoding="async" class="alignnone size-full wp-image-30" src="http://parafialekawica.ugtarnow.pro-linuxpl.com/wp-content/uploads/2021/11/malzenstwo.jpg" alt="" width="960" height="640" srcset="https://parafialekawica.prohost.pl/wp-content/uploads/2021/11/malzenstwo.jpg 960w, https://parafialekawica.prohost.pl/wp-content/uploads/2021/11/malzenstwo-300x200.jpg 300w, https://parafialekawica.prohost.pl/wp-content/uploads/2021/11/malzenstwo-768x512.jpg 768w" sizes="auto, (max-width: 960px) 100vw, 960px" /></p>
<p style="text-align: justify;"><em>„Głęboka wspólnota życia i miłości małżeńskiej, ustanowiona przez Stwórcę i unormowana Jego prawami, zawiązuje się przez przymierze małżeńskie&#8230; Sam bowiem Bóg jest twórcą małżeństwa. Powołanie do małżeństwa jest wpisane w samą naturę mężczyzny i kobiety, którzy wyszli z ręki Stwórcy. Małżeństwo nie jest instytucją czysto ludzką, chociaż w ciągu wieków mogło ulegać licznym zmianom w różnych kulturach, strukturach społecznych i postawach duchowych. Ta różnorodność nie powinna prowadzić do zapomnienia o jego wspólnych i trwałych cechach. Chociaż godność tej instytucji nie wszędzie ukazuje się z taką samą jasnością, to jednak we wszystkich kulturach istnieje pewne zrozumienie dla znaczenia związku małżeńskiego. Szczęście osoby i społeczności ludzkiej oraz chrześcijańskiej wiąże się ściśle z pomyślną sytuacją wspólnoty małżeńskiej i rodzinnej”.</em></p>
<p style="text-align: right;"><em>KKK 160</em></p>
<p>&nbsp;</p>
<p style="text-align: justify;">Narzeczeni muszą wcześniej ukończyć katechizację przedmałżeńską.</p>
<p style="text-align: justify;">Do kancelarii na rozmowy przygotowujące bezpośrednio do zawarcia Sakramentu Małżeństwa zgłaszamy się na 3 miesiące przed planowanym terminem ślubu w godzinach pracy kancelarii parafialnej lub po uprzednim umówieniu się. Jest to wystarczający czas na załatwienie formalności przedmałżeńskich, m. in. wygłoszenie zapowiedzi, udział w dniu skupienia dla narzeczonych i w poradnii życia rodzinnego, oraz drugie spotkanie w kancelarii.</p>
<p style="text-align: justify;">Narzeczeni zgłaszają się także do USC (nie wcześniej niż 3 miesiące przed ślubem), aby otrzymać odpowiednie dokumenty do zawarcia ślubu konkordatowego, albowiem ślub kościelny jest także zanotowany w USC i dopiero wtedy pociąga za sobą skutki cywilno – prawne.</p>
<p style="text-align: justify;">Narzeczeni, dwukrotnie przystępują do Spowiedzi św. Pierwsza z tych spowiedzi powinna być spowiedzią generalną z całego życia wkrótce po wizycie w kancelarii. Drugą spowiedź najlepiej odprawić na kilka dni przed planowanym ślubem.</p>
<p style="text-align: justify;">Małżonkom, którzy urządzają wesele bez alkoholu ks. Biskup udziela specjalnego błogosławieństwa.</p>
<p style="text-align: justify;">Pamiętajmy o rocznicach ślubu. Starajmy się je przeżyć w sposób religijny (Spowiedź, Msza św. i Komunia św.)</p>
<p style="text-align: justify;">
<p style="text-align: justify;">Do kancelarii parafialnej na rozmowy przedmałżeńskie należy przynieść:</p>
<p style="text-align: justify;">​</p>
<p style="text-align: justify;">I. Pierwsze Spotkanie w Kancelarii Parafialnej &#8211; Trzy miesiące przed planowaną datą ślubu:</p>
<p style="text-align: justify;">​</p>
<p style="text-align: justify;">Wymagane dokumenty i informacje:</p>
<p style="text-align: justify;">Pozwolenie Ks. Proboszcza (narzeczonej lub narzeczonego), jeżeli narzeczeni są spoza parafii.</p>
<p style="text-align: justify;">Dowody osobiste.</p>
<p style="text-align: justify;">Świadectwa chrztu i bierzmowania (jeśli ktoś był chrzczony poza parafią, w której jest przygotowanie do małżeństwa).</p>
<p style="text-align: justify;">Rok I Komunii Św.</p>
<p style="text-align: justify;">Świadectwo z ostatniej klasy szkoły podstawowej (lub gimnazjum), szkoły średniej.</p>
<p style="text-align: justify;">Świadectwa ukończenia Katechizacji przedmałżeńskiej (tzw. Kursu przedmałżeńskiego).</p>
<p style="text-align: justify;">W przypadku wdowy/wdowca &#8211; Akt Zgonu współmałżonka.</p>
<p style="text-align: justify;">
<p style="text-align: justify;">II. Drugie Spotkanie w Kancelarii Parafialnej &#8211; Nie później niż dwa tygodnie przed datą ślubu:</p>
<p style="text-align: justify;">​</p>
<p style="text-align: justify;">Wymagane dokumenty i informacje:</p>
<p style="text-align: justify;">Zaświadczenie o wygłoszonych zapowiedziach.</p>
<p style="text-align: justify;">Zaświadczenie o spotkaniu w Poradni Rodzinnej.</p>
<p style="text-align: justify;">Zaświadczenie o uczestnictwie w Dniu Skupienia.</p>
<p style="text-align: justify;">Zaświadczenia z USC (3 egzemplarze) – w przypadku małżeństw konkordatowych.</p>
<p style="text-align: justify;">Nazwiska świadków i dokładne adresy.</p>
<p style="text-align: justify;">Kartki od Spowiedzi – przynosimy w dniu ślubu.</p>
<p style="text-align: justify;">
<p style="text-align: justify;">Zgodnie ze wskazaniami Wydziału Duszpasterstwa Małżeństw nie akceptuje się Katechizacji przedmałżeśkiej (kursu przedmałżeńskiego) przeprowadzanego on line.</p>
<p style="text-align: justify;">​</p>
<p>​</p>
<p>&nbsp;</p>

<p>„Głęboka wspólnota życia i miłości małżeńskiej, ustanowiona przez Stwórcę i unormowana Jego prawami, zawiązuje się przez przymierze małżeńskie&#8230; Sam bowiem Bóg jest twórcą małżeństwa. Powołanie do małżeństwa jest wpisane w samą naturę mężczyzny i kobiety, którzy wyszli z ręki Stwórcy. Małżeństwo nie jest instytucją czysto ludzką, chociaż w ciągu wieków mogło ulegać licznym zmianom w [&hellip;]</p>
