{"id":21,"date":"2021-11-04T14:26:19","date_gmt":"2021-11-04T14:26:19","guid":{"rendered":"http:\/\/parafialekawica.ugtarnow.pro-linuxpl.com\/?page_id=21"},"modified":"2026-04-25T19:00:09","modified_gmt":"2026-04-25T19:00:09","slug":"ogloszenia","status":"publish","type":"page","link":"https:\/\/parafialekawica.prohost.pl\/?page_id=21","title":{"rendered":"Og\u0142oszenia"},"content":{"rendered":"<p><a href=\"https:\/\/parafialekawica.prohost.pl\/?page_id=928\">Og\u0142oszenia dla Parafii Trzemesna<\/a><\/p>\n<p>&nbsp;<\/p>\n<p style=\"text-align: center;\"><strong>4 Niedziela Wielkanocna 26.04.2026 r.<\/strong><\/p>\n<p style=\"text-align: justify;\">1. Prze\u017cywamy dzi\u015b 4 Niedziel\u0119 Wielkanocy &#8211; Niedziel\u0119 Dobrego Pasterza \u2013 tj. \u015awiatowy Dzie\u0144 Modlitw o Powo\u0142ania, rozpoczynaj\u0105c\u0105 tydzie\u0144 modlitw o powo\u0142ania do s\u0142u\u017cby Bo\u017cej w Ko\u015bciele. Pami\u0119tajmy w modlitwach o kap\u0142anach i siostrach zakonnych z naszych parafii. Za tydzie\u0144 w niedziel\u0119 ofiary na tac\u0119 przeznaczone b\u0119d\u0105 na Seminarium Duchowne w Tarnowie.<\/p>\n<p style=\"text-align: justify;\">2. W \u015brod\u0119 po Mszy wieczornej Nowenna do MBNP. O poprowadzenie R\u00f3\u017ca\u0144ca przed Msz\u0105 \u015bw. prosimy R\u00f3\u017c\u0119 \u015aw. Katarzyny.<\/p>\n<p style=\"text-align: justify;\">3. Od pi\u0105tku rozpoczynaj\u0105 si\u0119 Nabo\u017ce\u0144stwa Majowe, w czasie kt\u00f3rych b\u0119dzie udzielana tak\u017ce Komunia \u015bw. (opr\u00f3cz niedzieli). B\u0119d\u0105 one odprawiane w dni powszednie o godz. 17.30, a w niedziele o godz. 15.30. Bezpo\u015brednio po nabo\u017ce\u0144stwie b\u0119dzie Msza \u015bw. Zach\u0119camy r\u00f3wnie\u017c, aby \u015bpiewa\u0107 Maj\u00f3wk\u0119 ko\u0142o Figurek Matki Bo\u017cej, czy te\u017c odprawia\u0107 to nabo\u017ce\u0144stwo rodzinnie z dzie\u0107mi przy obrazie lub figurze w swoich domach. W \u015brody Nowenna do MBNP b\u0119dzie po\u0142\u0105czona z maj\u00f3wk\u0105.<\/p>\n<p style=\"text-align: justify;\">4. W tym tygodniu prze\u017cywa\u0107 b\u0119dziemy I-wszy pi\u0105tek i sobot\u0119 miesi\u0105ca. W pi\u0105tek o godz. 6.30 i 18.00 Msza \u015bw. wotywna ku czci Serca Jezusowego. Nabo\u017ce\u0144stwo do Serca Jezusowego b\u0119dzie po\u0142\u0105czone z Maj\u00f3wk\u0105. Do skorzystania ze Spowiedzi zach\u0119camy codziennie przed Msz\u0105 \u015bw. porann\u0105 oraz w \u015brod\u0119 i pi\u0105tek od godz. 17.00. W I-pi\u0105tek wyjazd do chorych od godz. 9.00. W pierwsz\u0105 sobot\u0119, chcemy wynagradza\u0107 za nasze grzechy Niepokalanemu Sercu Maryi. Po Mszy \u015bw. porannej b\u0119dzie R\u00f3\u017caniec Fatimski.<\/p>\n<p style=\"text-align: justify;\">5. Za tydzie\u0144 zmiana tajemnic R\u00f3\u017c R\u00f3\u017ca\u0144cowych i Ko\u0142a Koronkowego.<\/p>\n<p style=\"text-align: justify;\">6. W przysz\u0142\u0105 niedziel\u0119 na Mszach \u015aw. pan Piotr Stawicki z organizacji Open Doors podzieli si\u0119 z nami \u015bwiadectwem chrze\u015bcijan cierpi\u0105cych z powodu wyznawanej wiary. Przy wyj\u015bciu z ko\u015bcio\u0142a b\u0119dzie mo\u017cna otrzyma\u0107 bezp\u0142atne materia\u0142y z historiami i intencjami modlitewnymi od prze\u015bladowanych braci i si\u00f3str.<\/p>\n<p style=\"text-align: justify;\">7. W niedziel\u0119 3 maja Msz\u0105 \u015bw. o godz. 8.30 w \u0141adnej rozpoczn\u0105 si\u0119 uroczyste obchody \u015awi\u0119ta Konstytucji 3 maja w Gminie Skrzysz\u00f3w.<\/p>\n<p style=\"text-align: justify;\">8. Gor\u0105co dzi\u0119kujemy za ofiary sk\u0142adane dzi\u015b na tac\u0119 na pokrycie ogrzewania gazem.<\/p>\n<p style=\"text-align: justify;\">9. W gablocie og\u0142osze\u0144 znajdziemy informacj\u0119 odno\u015bnie prywatnych konsultacji kardiologicznych, kt\u00f3re b\u0119d\u0105 8 maja w godz. 8.00 -12.00 w przychodni w Skrzyszowie, a tak\u017ce plakat z programem uroczysto\u015bci 25-lecia dzia\u0142alno\u015bci Apostolstwa Trze\u017awo\u015bci, kt\u00f3re odb\u0119d\u0105 si\u0119 1 maja w ko\u015bciele B\u0142. Karoliny w Tarnowie.<\/p>\n","protected":false},"excerpt":{"rendered":"<p>Og\u0142oszenia dla Parafii Trzemesna &nbsp; 4 Niedziela Wielkanocna 26.04.2026 r. 1. Prze\u017cywamy dzi\u015b 4 Niedziel\u0119 Wielkanocy &#8211; Niedziel\u0119 Dobrego Pasterza \u2013 tj. \u015awiatowy Dzie\u0144 Modlitw o Powo\u0142ania, rozpoczynaj\u0105c\u0105 tydzie\u0144 modlitw o powo\u0142ania do s\u0142u\u017cby Bo\u017cej w Ko\u015bciele. Pami\u0119tajmy w modlitwach o kap\u0142anach i siostrach zakonnych z naszych parafii. Za tydzie\u0144 w niedziel\u0119 ofiary na tac\u0119 [&hellip;]<\/p>\n","protected":false},"author":1,"featured_media":90,"parent":0,"menu_order":0,"comment_status":"closed","ping_status":"closed","template":"","meta":{"footnotes":""},"class_list":["post-21","page","type-page","status-publish","has-post-thumbnail","czr-hentry"],"_links":{"self":[{"href":"https:\/\/parafialekawica.prohost.pl\/index.php?rest_route=\/wp\/v2\/pages\/21","targetHints":{"allow":["GET"]}}],"collection":[{"href":"https:\/\/parafialekawica.prohost.pl\/index.php?rest_route=\/wp\/v2\/pages"}],"about":[{"href":"https:\/\/parafialekawica.prohost.pl\/index.php?rest_route=\/wp\/v2\/types\/page"}],"author":[{"embeddable":true,"href":"https:\/\/parafialekawica.prohost.pl\/index.php?rest_route=\/wp\/v2\/users\/1"}],"replies":[{"embeddable":true,"href":"https:\/\/parafialekawica.prohost.pl\/index.php?rest_route=%2Fwp%2Fv2%2Fcomments&post=21"}],"version-history":[{"count":338,"href":"https:\/\/parafialekawica.prohost.pl\/index.php?rest_route=\/wp\/v2\/pages\/21\/revisions"}],"predecessor-version":[{"id":3785,"href":"https:\/\/parafialekawica.prohost.pl\/index.php?rest_route=\/wp\/v2\/pages\/21\/revisions\/3785"}],"wp:featuredmedia":[{"embeddable":true,"href":"https:\/\/parafialekawica.prohost.pl\/index.php?rest_route=\/wp\/v2\/media\/90"}],"wp:attachment":[{"href":"https:\/\/parafialekawica.prohost.pl\/index.php?rest_route=%2Fwp%2Fv2%2Fmedia&parent=21"}],"curies":[{"name":"wp","href":"https:\/\/api.w.org\/{rel}","templated":true}]}}

Ogłoszenia

<p><a href="https://parafialekawica.prohost.pl/?page_id=928">Ogłoszenia dla Parafii Trzemesna</a></p>
<p>&nbsp;</p>
<p style="text-align: center;"><strong>4 Niedziela Wielkanocna 26.04.2026 r.</strong></p>
<p style="text-align: justify;">1. Przeżywamy dziś 4 Niedzielę Wielkanocy &#8211; Niedzielę Dobrego Pasterza – tj. Światowy Dzień Modlitw o Powołania, rozpoczynającą tydzień modlitw o powołania do służby Bożej w Kościele. Pamiętajmy w modlitwach o kapłanach i siostrach zakonnych z naszych parafii. Za tydzień w niedzielę ofiary na tacę przeznaczone będą na Seminarium Duchowne w Tarnowie.</p>
<p style="text-align: justify;">2. W środę po Mszy wieczornej Nowenna do MBNP. O poprowadzenie Różańca przed Mszą św. prosimy Różę Św. Katarzyny.</p>
<p style="text-align: justify;">3. Od piątku rozpoczynają się Nabożeństwa Majowe, w czasie których będzie udzielana także Komunia św. (oprócz niedzieli). Będą one odprawiane w dni powszednie o godz. 17.30, a w niedziele o godz. 15.30. Bezpośrednio po nabożeństwie będzie Msza św. Zachęcamy również, aby śpiewać Majówkę koło Figurek Matki Bożej, czy też odprawiać to nabożeństwo rodzinnie z dziećmi przy obrazie lub figurze w swoich domach. W środy Nowenna do MBNP będzie połączona z majówką.</p>
<p style="text-align: justify;">4. W tym tygodniu przeżywać będziemy I-wszy piątek i sobotę miesiąca. W piątek o godz. 6.30 i 18.00 Msza św. wotywna ku czci Serca Jezusowego. Nabożeństwo do Serca Jezusowego będzie połączone z Majówką. Do skorzystania ze Spowiedzi zachęcamy codziennie przed Mszą św. poranną oraz w środę i piątek od godz. 17.00. W I-piątek wyjazd do chorych od godz. 9.00. W pierwszą sobotę, chcemy wynagradzać za nasze grzechy Niepokalanemu Sercu Maryi. Po Mszy św. porannej będzie Różaniec Fatimski.</p>
<p style="text-align: justify;">5. Za tydzień zmiana tajemnic Róż Różańcowych i Koła Koronkowego.</p>
<p style="text-align: justify;">6. W przyszłą niedzielę na Mszach Św. pan Piotr Stawicki z organizacji Open Doors podzieli się z nami świadectwem chrześcijan cierpiących z powodu wyznawanej wiary. Przy wyjściu z kościoła będzie można otrzymać bezpłatne materiały z historiami i intencjami modlitewnymi od prześladowanych braci i sióstr.</p>
<p style="text-align: justify;">7. W niedzielę 3 maja Mszą św. o godz. 8.30 w Ładnej rozpoczną się uroczyste obchody Święta Konstytucji 3 maja w Gminie Skrzyszów.</p>
<p style="text-align: justify;">8. Gorąco dziękujemy za ofiary składane dziś na tacę na pokrycie ogrzewania gazem.</p>
<p style="text-align: justify;">9. W gablocie ogłoszeń znajdziemy informację odnośnie prywatnych konsultacji kardiologicznych, które będą 8 maja w godz. 8.00 -12.00 w przychodni w Skrzyszowie, a także plakat z programem uroczystości 25-lecia działalności Apostolstwa Trzeźwości, które odbędą się 1 maja w kościele Bł. Karoliny w Tarnowie.</p>

<p>Ogłoszenia dla Parafii Trzemesna &nbsp; 4 Niedziela Wielkanocna 26.04.2026 r. 1. Przeżywamy dziś 4 Niedzielę Wielkanocy &#8211; Niedzielę Dobrego Pasterza – tj. Światowy Dzień Modlitw o Powołania, rozpoczynającą tydzień modlitw o powołania do służby Bożej w Kościele. Pamiętajmy w modlitwach o kapłanach i siostrach zakonnych z naszych parafii. Za tydzień w niedzielę ofiary na tacę [&hellip;]</p>
