{"id":19,"date":"2021-11-04T14:25:13","date_gmt":"2021-11-04T14:25:13","guid":{"rendered":"http:\/\/parafialekawica.ugtarnow.pro-linuxpl.com\/?page_id=19"},"modified":"2023-07-03T20:19:32","modified_gmt":"2023-07-03T20:19:32","slug":"kancelaria","status":"publish","type":"page","link":"https:\/\/parafialekawica.prohost.pl\/?page_id=19","title":{"rendered":"Kancelaria"},"content":{"rendered":"<p>Czynna codziennie (z wyj\u0105tkiem niedziel, \u015bwi\u0105t oraz pierwszych pi\u0105tk\u00f3w miesi\u0105ca)\u00a0 od 7.00 do 7.45<\/p>\n<p>oraz w \u015brody i pi\u0105tki od 17.00 do 17.45 (W czasie wakacji w \u015brody ze wzgl\u0119du na Msz\u0119 \u015bw. w Trzemesnej kancelaria po po\u0142udniu czynna b\u0119dzie bezpo\u015brednio po Mszy \u015bw. wieczornej)<\/p>\n<p>&nbsp;<\/p>\n<p>W nag\u0142ych sprawach (np. pro\u015bba do chorego, formalno\u015bci zwi\u0105zane z pogrzebem, itp.) tak\u017ce poza godzinami dzia\u0142alno\u015bci kancelarii.<\/p>\n<p>Narzeczeni \u2013 po wcze\u015bniejszym uzgodnieniu.<\/p>\n<p>Tel. 14 674 40 06<\/p>\n","protected":false},"excerpt":{"rendered":"<p>Czynna codziennie (z wyj\u0105tkiem niedziel, \u015bwi\u0105t oraz pierwszych pi\u0105tk\u00f3w miesi\u0105ca)\u00a0 od 7.00 do 7.45 oraz w \u015brody i pi\u0105tki od 17.00 do 17.45 (W czasie wakacji w \u015brody ze wzgl\u0119du na Msz\u0119 \u015bw. w Trzemesnej kancelaria po po\u0142udniu czynna b\u0119dzie bezpo\u015brednio po Mszy \u015bw. wieczornej) &nbsp; W nag\u0142ych sprawach (np. pro\u015bba do chorego, formalno\u015bci zwi\u0105zane [&hellip;]<\/p>\n","protected":false},"author":1,"featured_media":0,"parent":0,"menu_order":0,"comment_status":"closed","ping_status":"closed","template":"","meta":{"footnotes":""},"class_list":["post-19","page","type-page","status-publish","czr-hentry"],"_links":{"self":[{"href":"https:\/\/parafialekawica.prohost.pl\/index.php?rest_route=\/wp\/v2\/pages\/19","targetHints":{"allow":["GET"]}}],"collection":[{"href":"https:\/\/parafialekawica.prohost.pl\/index.php?rest_route=\/wp\/v2\/pages"}],"about":[{"href":"https:\/\/parafialekawica.prohost.pl\/index.php?rest_route=\/wp\/v2\/types\/page"}],"author":[{"embeddable":true,"href":"https:\/\/parafialekawica.prohost.pl\/index.php?rest_route=\/wp\/v2\/users\/1"}],"replies":[{"embeddable":true,"href":"https:\/\/parafialekawica.prohost.pl\/index.php?rest_route=%2Fwp%2Fv2%2Fcomments&post=19"}],"version-history":[{"count":2,"href":"https:\/\/parafialekawica.prohost.pl\/index.php?rest_route=\/wp\/v2\/pages\/19\/revisions"}],"predecessor-version":[{"id":1634,"href":"https:\/\/parafialekawica.prohost.pl\/index.php?rest_route=\/wp\/v2\/pages\/19\/revisions\/1634"}],"wp:attachment":[{"href":"https:\/\/parafialekawica.prohost.pl\/index.php?rest_route=%2Fwp%2Fv2%2Fmedia&parent=19"}],"curies":[{"name":"wp","href":"https:\/\/api.w.org\/{rel}","templated":true}]}}

<p>Czynna codziennie (z wyjątkiem niedziel, świąt oraz pierwszych piątków miesiąca)  od 7.00 do 7.45</p>
<p>oraz w środy i piątki od 17.00 do 17.45 (W czasie wakacji w środy ze względu na Mszę św. w Trzemesnej kancelaria po południu czynna będzie bezpośrednio po Mszy św. wieczornej)</p>
<p>&nbsp;</p>
<p>W nagłych sprawach (np. prośba do chorego, formalności związane z pogrzebem, itp.) także poza godzinami działalności kancelarii.</p>
<p>Narzeczeni – po wcześniejszym uzgodnieniu.</p>
<p>Tel. 14 674 40 06</p>

<p>Czynna codziennie (z wyjątkiem niedziel, świąt oraz pierwszych piątków miesiąca)  od 7.00 do 7.45 oraz w środy i piątki od 17.00 do 17.45 (W czasie wakacji w środy ze względu na Mszę św. w Trzemesnej kancelaria po południu czynna będzie bezpośrednio po Mszy św. wieczornej) &nbsp; W nagłych sprawach (np. prośba do chorego, formalności związane [&hellip;]</p>
