{"id":13,"date":"2021-11-04T13:52:21","date_gmt":"2021-11-04T13:52:21","guid":{"rendered":"http:\/\/parafialekawica.ugtarnow.pro-linuxpl.com\/?page_id=13"},"modified":"2022-09-10T05:39:36","modified_gmt":"2022-09-10T05:39:36","slug":"duszpasterze","status":"publish","type":"page","link":"https:\/\/parafialekawica.prohost.pl\/?page_id=13","title":{"rendered":"Duszpasterze"},"content":{"rendered":"<p><img loading=\"lazy\" decoding=\"async\" class=\"alignnone size-medium wp-image-15\" src=\"http:\/\/parafialekawica.ugtarnow.pro-linuxpl.com\/wp-content\/uploads\/2021\/11\/IMG_3843_edited_edited-225x300.jpg\" alt=\"\" width=\"225\" height=\"300\" srcset=\"https:\/\/parafialekawica.prohost.pl\/wp-content\/uploads\/2021\/11\/IMG_3843_edited_edited-225x300.jpg 225w, https:\/\/parafialekawica.prohost.pl\/wp-content\/uploads\/2021\/11\/IMG_3843_edited_edited-768x1024.jpg 768w, https:\/\/parafialekawica.prohost.pl\/wp-content\/uploads\/2021\/11\/IMG_3843_edited_edited-1152x1536.jpg 1152w, https:\/\/parafialekawica.prohost.pl\/wp-content\/uploads\/2021\/11\/IMG_3843_edited_edited.jpg 1500w\" sizes=\"auto, (max-width: 225px) 100vw, 225px\" \/><\/p>\n<p style=\"text-align: justify;\"><strong>Ks. Grzegorz Grych<\/strong><br \/>\n<strong>Proboszcz<\/strong><\/p>\n<p style=\"text-align: justify;\">Pochodzi z miejscowo\u015bci Grabiny z Parafii p.w. Wszystkich \u015awi\u0119tych w Strasz\u0119cinie. Po uko\u0144czeniu I Liceum Og\u00f3lnokszta\u0142c\u0105cego w D\u0119bicy w 1994 roku rozpocz\u0105\u0142 studia teologiczne w Wy\u017cszym Seminarium Duchownym w Tarnowie. Wy\u015bwi\u0119cony na kap\u0142ana 27. 05. 2000 r. Nast\u0119pnie skierowany przez Biskupa Diecezjalnego Wiktora Skworca do pracy w parafii p.w. \u015bw. Wojciecha M\u0119czennika w Starym Wi\u015bniczu. Nast\u0119pnie pos\u0142ugiwa\u0142 w parafii p.w. \u015bw. J\u00f3zefa Oblubie\u0144ca NMP w Muszynie, gdzie pe\u0142ni\u0142 m.in. pos\u0142ug\u0119 Prefekta odpowiedzialnego za duszpasterstwo m\u0142odzie\u017cy i nauczycieli. Kolejn\u0105 plac\u00f3wk\u0105 by\u0142a Mielecka Star\u00f3wka, czyli parafia \u015bw. Mateusza Aposto\u0142a i Ewangelisty. Przez 7 lat pe\u0142ni\u0142 te\u017c funkcj\u0119 katechety dzieci i m\u0142odzie\u017cy z niepe\u0142nosprawno\u015bci\u0105 intelektualn\u0105 w O\u015brodku Rehabilitacyjno &#8211; Edukacyjno &#8211; Wychowawczym w Mielcu. Ostatnie lata wikariatu to pos\u0142uga w Parafii Katedralnej w Tarnowie, w kt\u00f3rej przez dwa lata by\u0142 Prefektem i dekanalnym duszpasterzem m\u0142odzie\u017cy.<\/p>\n<p style=\"text-align: justify;\">27 stycznia 2020 roku zosta\u0142 mianowany Administratorem naszej parafii, a od 1 lipca 2020 pe\u0142ni urz\u0105d Proboszcza.<\/p>\n<p>&nbsp;<\/p>\n<p><img loading=\"lazy\" decoding=\"async\" class=\"alignnone size-full wp-image-1000\" src=\"https:\/\/parafialekawica.prohost.pl\/wp-content\/uploads\/2022\/09\/ks_hubert.jpg\" alt=\"\" width=\"225\" height=\"225\" srcset=\"https:\/\/parafialekawica.prohost.pl\/wp-content\/uploads\/2022\/09\/ks_hubert.jpg 225w, https:\/\/parafialekawica.prohost.pl\/wp-content\/uploads\/2022\/09\/ks_hubert-150x150.jpg 150w\" sizes=\"auto, (max-width: 225px) 100vw, 225px\" \/><\/p>\n<p style=\"text-align: justify;\"><strong>Ks. Hubert Komoniewski<\/strong><br \/>\n<strong>Wikariusz<\/strong><\/p>\n<p style=\"text-align: justify;\">Ks. Hubert Komoniewski przyj\u0105\u0142 \u015bwi\u0119cenia kap\u0142a\u0144skie 26.05.2012 r. z r\u0105k Bpa Andrzeja Je\u017ca. W latach 2012-2015 by\u0142 wikariuszem w parafii p.w. Podwy\u017cszenia Krzy\u017ca \u015bw. w Zbylitowskiej G\u00f3rze. Od 2015 do 2022 r. by\u0142 wikariuszem w parafii p.w. Matki Bo\u017cej Anielskiej w D\u0119bicy. Od 2022 r. jest Diecezjalnym Duszpasterzem Os\u00f3b Niewidomych i Niedowidz\u0105cych. Od 01.09.2022 zosta\u0142 skierowany do pracy duszpasterskiej jako wikariusz w naszej parafii.<\/p>\n<p>&nbsp;<\/p>\n<p>Dawni duszpasterze<\/p>\n<p>Proboszczowie:<br \/>\nKs. J\u00f3zef Kr\u00f3li\u0144ski 1761-1785,<br \/>\nKs. J\u00f3zef Osta\u0144ski 1785-1800,<br \/>\nKs. Kazimierz Olechnowski 1801-1822,<br \/>\nKs. Ignacy Sitkowski 1824-1830,<br \/>\nKs. Jan Nepomucen Komperda 1830-1835,<br \/>\nKs. Leopold Perisch 1836-1841,<br \/>\nKs. Antoni Trybalski 1841-1844,<br \/>\nKs. Franciszek Prag\u0142owski 1844-1849,<br \/>\nKs. Maciej Wojnowski 1850-1869,<br \/>\nKs. Stanis\u0142aw Januszkiewicz 1869-1900,<br \/>\nKs. Pawe\u0142 Wiatr 1901-1916,<br \/>\nKs. J\u00f3zef Kloch 1917-1932,<br \/>\nKs. Feliks Kokoszka 1932-1945,<br \/>\nKs. Antoni Zapa\u0142a 1945,<br \/>\nKs. Adolf Pacocha 1947-1960,<br \/>\nKs. J\u00f3zef Pochro\u0144 1961-1973,<br \/>\nKs. Stanis\u0142aw Nowak 1973-1986,<br \/>\nKs. Andrzej Lachowicz 1986-2001,<br \/>\nKs. J\u00f3zef Nita 2001- 2020<\/p>\n<p>&nbsp;<\/p>\n<p>Wikariusze:<br \/>\nKs. Ludwik Urba\u0144ski 1939-1980,<br \/>\nKs. J\u00f3zef Jaworski 1980-88<br \/>\nKs. J\u00f3zef Godek 1988-1991,<br \/>\nKs. Ryszard Kochanowicz 1991-1995,<br \/>\nKs. W\u0142odzimierz Skocze\u0144 1995-1997,<br \/>\nKs. Franciszek Niemiec 1997-2000,<br \/>\nKs. S\u0142awomir Gulik 2000-2004,<br \/>\nKs. Zbigniew Baran 2004-2009,<br \/>\nKs. Krzysztof W\u00f3js 2009- 2016<br \/>\nKs. Jakub Piekielny 2016 \u2013 2021<\/p>\n<p>Ks. Pawe\u0142 Stec 2021 &#8211; 2022<\/p>\n","protected":false},"excerpt":{"rendered":"<p>Ks. Grzegorz Grych Proboszcz Pochodzi z miejscowo\u015bci Grabiny z Parafii p.w. Wszystkich \u015awi\u0119tych w Strasz\u0119cinie. Po uko\u0144czeniu I Liceum Og\u00f3lnokszta\u0142c\u0105cego w D\u0119bicy w 1994 roku rozpocz\u0105\u0142 studia teologiczne w Wy\u017cszym Seminarium Duchownym w Tarnowie. Wy\u015bwi\u0119cony na kap\u0142ana 27. 05. 2000 r. Nast\u0119pnie skierowany przez Biskupa Diecezjalnego Wiktora Skworca do pracy w parafii p.w. \u015bw. Wojciecha [&hellip;]<\/p>\n","protected":false},"author":1,"featured_media":0,"parent":0,"menu_order":0,"comment_status":"closed","ping_status":"closed","template":"","meta":{"footnotes":""},"class_list":["post-13","page","type-page","status-publish","czr-hentry"],"_links":{"self":[{"href":"https:\/\/parafialekawica.prohost.pl\/index.php?rest_route=\/wp\/v2\/pages\/13","targetHints":{"allow":["GET"]}}],"collection":[{"href":"https:\/\/parafialekawica.prohost.pl\/index.php?rest_route=\/wp\/v2\/pages"}],"about":[{"href":"https:\/\/parafialekawica.prohost.pl\/index.php?rest_route=\/wp\/v2\/types\/page"}],"author":[{"embeddable":true,"href":"https:\/\/parafialekawica.prohost.pl\/index.php?rest_route=\/wp\/v2\/users\/1"}],"replies":[{"embeddable":true,"href":"https:\/\/parafialekawica.prohost.pl\/index.php?rest_route=%2Fwp%2Fv2%2Fcomments&post=13"}],"version-history":[{"count":10,"href":"https:\/\/parafialekawica.prohost.pl\/index.php?rest_route=\/wp\/v2\/pages\/13\/revisions"}],"predecessor-version":[{"id":1013,"href":"https:\/\/parafialekawica.prohost.pl\/index.php?rest_route=\/wp\/v2\/pages\/13\/revisions\/1013"}],"wp:attachment":[{"href":"https:\/\/parafialekawica.prohost.pl\/index.php?rest_route=%2Fwp%2Fv2%2Fmedia&parent=13"}],"curies":[{"name":"wp","href":"https:\/\/api.w.org\/{rel}","templated":true}]}}

<p><img loading="lazy" decoding="async" class="alignnone size-medium wp-image-15" src="http://parafialekawica.ugtarnow.pro-linuxpl.com/wp-content/uploads/2021/11/IMG_3843_edited_edited-225x300.jpg" alt="" width="225" height="300" srcset="https://parafialekawica.prohost.pl/wp-content/uploads/2021/11/IMG_3843_edited_edited-225x300.jpg 225w, https://parafialekawica.prohost.pl/wp-content/uploads/2021/11/IMG_3843_edited_edited-768x1024.jpg 768w, https://parafialekawica.prohost.pl/wp-content/uploads/2021/11/IMG_3843_edited_edited-1152x1536.jpg 1152w, https://parafialekawica.prohost.pl/wp-content/uploads/2021/11/IMG_3843_edited_edited.jpg 1500w" sizes="auto, (max-width: 225px) 100vw, 225px" /></p>
<p style="text-align: justify;"><strong>Ks. Grzegorz Grych</strong><br />
<strong>Proboszcz</strong></p>
<p style="text-align: justify;">Pochodzi z miejscowości Grabiny z Parafii p.w. Wszystkich Świętych w Straszęcinie. Po ukończeniu I Liceum Ogólnokształcącego w Dębicy w 1994 roku rozpoczął studia teologiczne w Wyższym Seminarium Duchownym w Tarnowie. Wyświęcony na kapłana 27. 05. 2000 r. Następnie skierowany przez Biskupa Diecezjalnego Wiktora Skworca do pracy w parafii p.w. św. Wojciecha Męczennika w Starym Wiśniczu. Następnie posługiwał w parafii p.w. św. Józefa Oblubieńca NMP w Muszynie, gdzie pełnił m.in. posługę Prefekta odpowiedzialnego za duszpasterstwo młodzieży i nauczycieli. Kolejną placówką była Mielecka Starówka, czyli parafia św. Mateusza Apostoła i Ewangelisty. Przez 7 lat pełnił też funkcję katechety dzieci i młodzieży z niepełnosprawnością intelektualną w Ośrodku Rehabilitacyjno &#8211; Edukacyjno &#8211; Wychowawczym w Mielcu. Ostatnie lata wikariatu to posługa w Parafii Katedralnej w Tarnowie, w której przez dwa lata był Prefektem i dekanalnym duszpasterzem młodzieży.</p>
<p style="text-align: justify;">27 stycznia 2020 roku został mianowany Administratorem naszej parafii, a od 1 lipca 2020 pełni urząd Proboszcza.</p>
<p>&nbsp;</p>
<p><img loading="lazy" decoding="async" class="alignnone size-full wp-image-1000" src="https://parafialekawica.prohost.pl/wp-content/uploads/2022/09/ks_hubert.jpg" alt="" width="225" height="225" srcset="https://parafialekawica.prohost.pl/wp-content/uploads/2022/09/ks_hubert.jpg 225w, https://parafialekawica.prohost.pl/wp-content/uploads/2022/09/ks_hubert-150x150.jpg 150w" sizes="auto, (max-width: 225px) 100vw, 225px" /></p>
<p style="text-align: justify;"><strong>Ks. Hubert Komoniewski</strong><br />
<strong>Wikariusz</strong></p>
<p style="text-align: justify;">Ks. Hubert Komoniewski przyjął święcenia kapłańskie 26.05.2012 r. z rąk Bpa Andrzeja Jeża. W latach 2012-2015 był wikariuszem w parafii p.w. Podwyższenia Krzyża św. w Zbylitowskiej Górze. Od 2015 do 2022 r. był wikariuszem w parafii p.w. Matki Bożej Anielskiej w Dębicy. Od 2022 r. jest Diecezjalnym Duszpasterzem Osób Niewidomych i Niedowidzących. Od 01.09.2022 został skierowany do pracy duszpasterskiej jako wikariusz w naszej parafii.</p>
<p>&nbsp;</p>
<p>Dawni duszpasterze</p>
<p>Proboszczowie:<br />
Ks. Józef Króliński 1761-1785,<br />
Ks. Józef Ostański 1785-1800,<br />
Ks. Kazimierz Olechnowski 1801-1822,<br />
Ks. Ignacy Sitkowski 1824-1830,<br />
Ks. Jan Nepomucen Komperda 1830-1835,<br />
Ks. Leopold Perisch 1836-1841,<br />
Ks. Antoni Trybalski 1841-1844,<br />
Ks. Franciszek Pragłowski 1844-1849,<br />
Ks. Maciej Wojnowski 1850-1869,<br />
Ks. Stanisław Januszkiewicz 1869-1900,<br />
Ks. Paweł Wiatr 1901-1916,<br />
Ks. Józef Kloch 1917-1932,<br />
Ks. Feliks Kokoszka 1932-1945,<br />
Ks. Antoni Zapała 1945,<br />
Ks. Adolf Pacocha 1947-1960,<br />
Ks. Józef Pochroń 1961-1973,<br />
Ks. Stanisław Nowak 1973-1986,<br />
Ks. Andrzej Lachowicz 1986-2001,<br />
Ks. Józef Nita 2001- 2020</p>
<p>&nbsp;</p>
<p>Wikariusze:<br />
Ks. Ludwik Urbański 1939-1980,<br />
Ks. Józef Jaworski 1980-88<br />
Ks. Józef Godek 1988-1991,<br />
Ks. Ryszard Kochanowicz 1991-1995,<br />
Ks. Włodzimierz Skoczeń 1995-1997,<br />
Ks. Franciszek Niemiec 1997-2000,<br />
Ks. Sławomir Gulik 2000-2004,<br />
Ks. Zbigniew Baran 2004-2009,<br />
Ks. Krzysztof Wójs 2009- 2016<br />
Ks. Jakub Piekielny 2016 – 2021</p>
<p>Ks. Paweł Stec 2021 &#8211; 2022</p>

<p>Ks. Grzegorz Grych Proboszcz Pochodzi z miejscowości Grabiny z Parafii p.w. Wszystkich Świętych w Straszęcinie. Po ukończeniu I Liceum Ogólnokształcącego w Dębicy w 1994 roku rozpoczął studia teologiczne w Wyższym Seminarium Duchownym w Tarnowie. Wyświęcony na kapłana 27. 05. 2000 r. Następnie skierowany przez Biskupa Diecezjalnego Wiktora Skworca do pracy w parafii p.w. św. Wojciecha [&hellip;]</p>
